divided by 2573.
2566
Calculate the remainder when 55872443 is divided by 45.
38
Calculate the remainder when 87088 is divided by 4407.
3355
What is the remainder when 37621 is divided by 37415?
206
What is the remainder when 16758027 is divided by 309?
30
What is the remainder when 1843882 is divided by 1641?
1039
Calculate the remainder when 1289865 is divided by 16.
9
Calculate the remainder when 11844 is divided by 478.
372
What is the remainder when 468729 is divided by 93736?
49
What is the remainder when 269061 is divided by 802?
391
What is the remainder when 1741 is divided by 380?
221
What is the remainder when 17896922 is divided by 4?
2
What is the remainder when 552267514 is divided by 251?
246
Calculate the remainder when 1917631 is divided by 24585.
1
What is the remainder when 178505 is divided by 58670?
2495
Calculate the remainder when 64574108 is divided by 75.
8
Calculate the remainder when 144524 is divided by 28721.
919
What is the remainder when 24480 is divided by 390?
300
Calculate the remainder when 38710740 is divided by 1084.
16
What is the remainder when 2235488 is divided by 1?
0
Calculate the remainder when 1627413 is divided by 325461.
108
What is the remainder when 578384 is divided by 2530?
1544
What is the remainder when 1886049 is divided by 628573?
330
Calculate the remainder when 35049740 is divided by 18.
14
Calculate the remainder when 106055894 is divided by 363.
362
What is the remainder when 3604 is divided by 2658?
946
Calculate the remainder when 15216491 is divided by 21.
17
Calculate the remainder when 260459 is divided by 876.
287
What is the remainder when 30738144 is divided by 1243?
1240
What is the remainder when 2067294 is divided by 1134?
12
What is the remainder when 435170 is divided by 423?
326
Calculate the remainder when 500814 is divided by 1841.
62
What is the remainder when 380500 is divided by 126613?
661
What is the remainder when 285049 is divided by 7592?
4145
Calculate the remainder when 282721 is divided by 35234.
849
Calculate the remainder when 12054423 is divided by 923.
43
What is the remainder when 3816877 is divided by 100?
77
Calculate the remainder when 1833379 is divided by 916603.
173
What is the remainder when 890099 is divided by 74163?
143
Calculate the remainder when 836594 is divided by 2225.
2219
Calculate the remainder when 16568 is divided by 15.
8
What is the remainder when 40601117 is divided by 83199?
5
What is the remainder when 7255751 is divided by 7255711?
40
What is the remainder when 10591664 is divided by 8160?
8144
Calculate the remainder when 76820567 is divided by 158.
19
What is the remainder when 48311 is divided by 289?
48
Calculate the remainder when 232066 is divided by 231971.
95
What is the remainder when 13995431 is divided by 1497?
1475
What is the remainder when 3547870 is divided by 194?
192
What is the remainder when 16050892 is divided by 31?
22
What is the remainder when 1390477 is divided by 3408?
13
Calculate the remainder when 43796 is divided by 2439.
2333
Calculate the remainder when 196289 is divided by 32358.
2141
Calculate the remainder when 7375449 is divided by 37.
17
Calculate the remainder when 23779 is divided by 143.
41
Calculate the remainder when 77472 is divided by 37157.
3158
Calculate the remainder when 1329667 is divided by 94976.
3
What is the remainder when 492586 is divided by 27300?
1186
What is the remainder when 98425761 is divided by 19?
4
What is the remainder when 30964527 is divided by 15482263?
1
Calculate the remainder when 690431798 is divided by 1640.
1638
What is the remainder when 33198 is divided by 10993?
219
What is the remainder when 3033686 is divided by 74?
56
What is the remainder when 11951485 is divided by 219?
217
What is the remainder when 162221 is divided by 1?
0
Calculate the remainder when 28023 is divided by 12955.
2113
What is the remainder when 6668603 is divided by 96645?
98
What is the remainder when 29252 is divided by 28582?
670
What is the remainder when 256982 is divided by 85610?
152
Calculate the remainder when 13841 is divided by 150.
41
What is the remainder when 20870634 is divided by 1180?
1154
Calculate the remainder when 88995 is divided by 17789.
50
What is the remainder when 17674210 is divided by 38?
30
What is the remainder when 1517757 is divided by 1517754?
3
Calculate the remainder when 527817 is divided by 131954.
1
What is the remainder when 1035987 is divided by 324?
159
Calculate the remainder when 186269 is divided by 279.
176
What is the remainder when 270467 is divided by 121?
32
Calculate the remainder when 172452 is divided by 57476.
24
Calculate the remainder when 138481 is divided by 153.
16
What is the remainder when 17530977 is divided by 355?
12
What is the remainder when 135544475 is divided by 85141?
3
What is the remainder when 144390 is divided by 314?
264
What is the remainder when 3837552 is divided by 64?
48
Calculate the remainder when 1557527 is divided by 138.
59
Calculate the remainder when 7039541 is divided by 963.
11
What is the remainder when 7885 is divided by 3141?
1603
What is the remainder when 49068 is divided by 876?
12
Calculate the remainder when 2567738 is divided by 1492.
6
What is the remainder when 1686806 is divided by 3007?
2886
What is the remainder when 317478 is divided by 35266?
84
Calculate the remainder when 3020330 is divided by 335590.
20
Calculate the remainder when 9990796 is divided by 11138.
10
What is the remainder when 99906 is divided by 1636?
110
What is the remainder when 515986574 is divided by 112?
110
What is the remainder when 4117739 is divided by 1379?
45
What is the remainder when 252313600 is divided by 29?
28
Calculate the remainder when 41502255 is divided by 57087.
6
Calculate the remainder when 1320733 is divided by 1320685.
48
What is the remainder when 18674809 is divided by 4108?
3949
What is the remainder when 29384011 is divided by 7345997?
23
Calculate the remainder when 1744807 is divided by 43619.
47
Calculate the remainder when 589148 is divided by 12788.
900
What is the remainder when 373258 is divided by 2576?
2314
What is the remainder when 591956 is divided by 68?
16
What is the remainder when 32298148 is divided by 16149061?
26
What is the remainder when 174742 is divided by 1809?
1078
Calculate the remainder when 8973439 is divided by 26947.
88
What is the remainder when 7495208 is divided by 362?
360
What is the remainder when 991649 is divided by 1602?
11
Calculate the remainder when 1184174 is divided by 969.
56
What is the remainder when 248198 is divided by 756?
230
Calculate the remainder when 126097 is divided by 15760.
17
What is the remainder when 361457 is divided by 7087?
20
Calculate the remainder when 2445305 is divided by 2807.
408
Calculate the remainder when 1146036 is divided by 3952.
3908
Calculate the remainder when 4476116 is divided by 91349.
15
What is the remainder when 5711 is divided by 1109?
166
Calculate the remainder when 11276444 is divided by 66.
14
What is the remainder when 55332938 is divided by 50?
38
What is the remainder when 1643 is divided by 1349?
294
Calculate the remainder when 20947358 is divided by 9440.
9438
Calculate the remainder when 101363 is divided by 33213.
1724
What is the remainder when 137577 is divided by 6515?
762
Calculate the remainder when 1555476 is divided by 2093.
377
Calculate the remainder when 5262191 is divided by 1754045.
56
What is the remainder when 221079 is divided by 376?
367
What is the remainder when 36136 is divided by 254?
68
What is the remainder when 1609520 is divided by 170?
130
Calculate the remainder when 2504998 is divided by 106.
6
What is the remainder when 161554 is divided by 26774?
910
Calculate the remainder when 348773 is divided by 69746.
43
What is the remainder when 2381145 is divided by 595269?
69
Calculate the remainder when 80149 is divided by 69.
40
What is the remainder when 1740938 is divided by 580286?
80
What is the remainder when 29227376 is divided by 1937?
1920
Calculate the remainder when 828681 is divided by 2082.
45
What is the remainder when 50146 is divided by 417?
106
Calculate the remainder when 169801473 is divided by 56600484.
21
Calculate the remainder when